{"id":486,"date":"2020-12-29T19:31:17","date_gmt":"2020-12-29T19:31:17","guid":{"rendered":"https:\/\/creativo.work\/gena\/?post_type=product&#038;p=486"},"modified":"2020-12-30T21:03:03","modified_gmt":"2020-12-30T21:03:03","slug":"mezclas-asfalticas-en-caliente","status":"publish","type":"product","link":"https:\/\/creativo.work\/gena\/producto\/mezclas-asfalticas-en-caliente\/","title":{"rendered":"MEZCLAS ASF\u00c1LTICAS EN CALIENTE"},"content":{"rendered":"<p>Mezcla o bituminosa resultante de cemento asf\u00e1ltico tradicional o modificado y uno o m\u00e1s agregados p\u00e9treos los cuales se esparcen y compactan en caliente en una planta id\u00f3nea, por ende, disminuye su viscosidad. Si el asfalto se modificada con pol\u00edmeros, la mezcla se realiza a 160\u00b0C, pero cuando se trata de asfalto puro es solo a 150\u00b0C. Posee aprovechables propiedades impermeabilizantes, su principal funci\u00f3n brindar resistencia.<\/p>\n<p>&nbsp;<\/p>\n","protected":false},"excerpt":{"rendered":"<p>APLICACI\u00d3N:<\/p>\n<ul>\n<li>Calles\/caminos particulares: Industriales, comerciales, residenciales.<\/li>\n<li>Carreteras y autopistas, aeropuertos, pistas de carreras y de despegue.<\/li>\n<li>Aparcamientos: zona de recreo, pista de tenis y otros terrenos de juegos.<\/li>\n<\/ul>\n<p>&nbsp;<\/p>\n[ht-ctc-chat]\n","protected":false},"featured_media":586,"template":"","meta":[],"product_cat":[17],"product_tag":[],"class_list":["post-486","product","type-product","status-publish","has-post-thumbnail","hentry","product_cat-sin-categorizar"],"_links":{"self":[{"href":"https:\/\/creativo.work\/gena\/wp-json\/wp\/v2\/product\/486","targetHints":{"allow":["GET"]}}],"collection":[{"href":"https:\/\/creativo.work\/gena\/wp-json\/wp\/v2\/product"}],"about":[{"href":"https:\/\/creativo.work\/gena\/wp-json\/wp\/v2\/types\/product"}],"wp:featuredmedia":[{"embeddable":true,"href":"https:\/\/creativo.work\/gena\/wp-json\/wp\/v2\/media\/586"}],"wp:attachment":[{"href":"https:\/\/creativo.work\/gena\/wp-json\/wp\/v2\/media?parent=486"}],"wp:term":[{"taxonomy":"product_cat","embeddable":true,"href":"https:\/\/creativo.work\/gena\/wp-json\/wp\/v2\/product_cat?post=486"},{"taxonomy":"product_tag","embeddable":true,"href":"https:\/\/creativo.work\/gena\/wp-json\/wp\/v2\/product_tag?post=486"}],"curies":[{"name":"wp","href":"https:\/\/api.w.org\/{rel}","templated":true}]}}