{"id":491,"date":"2020-12-29T19:47:13","date_gmt":"2020-12-29T19:47:13","guid":{"rendered":"https:\/\/creativo.work\/gena\/?post_type=product&#038;p=491"},"modified":"2020-12-30T21:02:16","modified_gmt":"2020-12-30T21:02:16","slug":"asfalto-liquido-de-curado-rapido-rc-250","status":"publish","type":"product","link":"https:\/\/creativo.work\/gena\/producto\/asfalto-liquido-de-curado-rapido-rc-250\/","title":{"rendered":"ASFALTO L\u00cdQUIDO DE CURADO R\u00c1PIDO (RC 250)"},"content":{"rendered":"<p>Se trata de productos l\u00edquidos a temperatura ambiente y que se aplican en fr\u00edo, es una mezcla de\u00a0asfalto de penetraci\u00f3n\u00a0con un destilado de petr\u00f3leo muy vol\u00e1til que imparte a los asfaltos diluidos sus distintos tiempos de corte o curado. El n\u00famero de 250 asociado a su denominaci\u00f3n indica la viscosidad cinem\u00e1tica permisible.<\/p>\n<p>Es el\u00e1stico y resiste a las dilataciones en obras a la intemperie, se adhiere fuertemente a toda superficie, proporciona gran rendimiento y es de f\u00e1cil aplicaci\u00f3n.<\/p>\n<p>&nbsp;<\/p>\n","protected":false},"excerpt":{"rendered":"<p>APLICACI\u00d3N:<\/p>\n<ul>\n<li>Lechadas asf\u00e1lticas.<\/li>\n<li>Tratamiento superficial.<\/li>\n<li>Preparaci\u00f3n de carpeta asf\u00e1ltica en frio.<\/li>\n<li>Micro pavimentos y estabilizaci\u00f3n de suelos.<\/li>\n<li>Riego de imprimaci\u00f3n, de adherencia y de liga.<\/li>\n<li>Estabilizaci\u00f3n de suelos para bases y sub bases.<\/li>\n<\/ul>\n[ht-ctc-chat]\n","protected":false},"featured_media":583,"template":"","meta":[],"product_cat":[17],"product_tag":[],"class_list":["post-491","product","type-product","status-publish","has-post-thumbnail","hentry","product_cat-sin-categorizar"],"_links":{"self":[{"href":"https:\/\/creativo.work\/gena\/wp-json\/wp\/v2\/product\/491","targetHints":{"allow":["GET"]}}],"collection":[{"href":"https:\/\/creativo.work\/gena\/wp-json\/wp\/v2\/product"}],"about":[{"href":"https:\/\/creativo.work\/gena\/wp-json\/wp\/v2\/types\/product"}],"wp:featuredmedia":[{"embeddable":true,"href":"https:\/\/creativo.work\/gena\/wp-json\/wp\/v2\/media\/583"}],"wp:attachment":[{"href":"https:\/\/creativo.work\/gena\/wp-json\/wp\/v2\/media?parent=491"}],"wp:term":[{"taxonomy":"product_cat","embeddable":true,"href":"https:\/\/creativo.work\/gena\/wp-json\/wp\/v2\/product_cat?post=491"},{"taxonomy":"product_tag","embeddable":true,"href":"https:\/\/creativo.work\/gena\/wp-json\/wp\/v2\/product_tag?post=491"}],"curies":[{"name":"wp","href":"https:\/\/api.w.org\/{rel}","templated":true}]}}